6 - (-26)/(-4)). Suppose 0 = -3*a + y*z + 27, z = -4*a + 3*a + 9. Suppose -870 = -a*t - 6*t. What are the prime factors of t?
2, 29
Let i = 354 - 48. What are the prime factors of 5/2*i/17?
3, 5
Let v(q) be the third derivative of -13*q**6/40 - q**5/20 - q**4/24 + q**3/6 - 128*q**2. What are the prime factors of v(-1)?
2, 19
Suppose -3*q = b - 2, -q + 3*b = 3*q - 7. Let h be (7 - 16/4) + q. Suppose -h*a = -82 - 74. What are the prime factors of a?
3, 13
Suppose -18463 = -7*o + 4*o - 5*u, -4*o = -u - 24625. Suppose -34*l + 16*l + o = 0. List the prime factors of l.
2, 3, 19
Suppose -3*s = 2*o - 9, 5*s = -3*o + 5*o - 33. Let b(x) = 92*x - 122. What are the prime factors of b(o)?
2, 353
Suppose 2*y + 212 = -2*k, -3*y = 3*k + 2*y + 326. Let n = 2 - k. List the prime factors of n.
2, 13
Let a be (3 + -4)*(0 + 0 + -226). Let d = -10 + a. What are the prime factors of d*4/(-8)*-1?
2, 3
Let g = 140 + -144. List the prime factors of -4 - (4 + g) - -718.
2, 3, 7, 17
Let u(n) = 2*n**3 - 2. Let m be u(0). Let x be 2538/12*(-28)/(1 + m). Suppose -22*p = -p - x. List the prime factors of p.
2, 3, 47
List the prime factors of -1*(1 + -1) + (6221 - -4).
3, 5, 83
Suppose 0 = -7*m + 539 + 490. List the prime factors of (1189 - 0) + m/49.
2, 149
List the prime factors of (14/(-21))/((2/204756)/((-17)/68)).
113, 151
List the prime factors of 9973/4*28/49*7 - -4.
11, 907
Suppose 92*a - 68*a = -35*a + 2402657. List the prime factors of a.
193, 211
Let v be (1/(-2) - 4)*24/(-18). Suppose 2*u = 2*w + 650, 0 = 5*u - v*u - w + 325. List the prime factors of u.
5, 13
Suppose 88185 = -15*v + 711285. What are the prime factors of v?
2, 5, 31, 67
Let i(y) be the second derivative of y**4/12 + y**3/3 - 19*y**2 - y + 12. List the prime factors of i(-13).
3, 5, 7
Let k(f) be the third derivative of f**6/180 - f**5/20 - f**4/2 + 29*f**3/6 - 9*f**2. Let v(c) be the first derivative of k(c). List the prime factors of v(11).
2, 41
Let o be (-47)/(-423) + 11302/18. Suppose o + 397 = 5*x. What are the prime factors of x?
5, 41
Let m = 23346 + -538. What are the prime factors of m?
2, 2851
Suppose 0 = -w - w - 4*d + 352, -w + d + 164 = 0. Suppose -31*o - 1120 = -41*o. Let x = w + o. What are the prime factors of x?
2, 5, 7
Let f(z) = 152*z**2 + 147*z - 978. What are the prime factors of f(7)?
7499
Suppose 10*x - 13*x + 142460 = 7*x. List the prime factors of x.
2, 17, 419
Let c = -28 + 31. Suppose 0*o + c*j = -3*o + 393, -5*o = -5*j - 705. Let w = -78 + o. List the prime factors of w.
2, 29
Suppose 471 = -4*c + 471. Suppose 4*w - x - 453 = -0*w, c = -5*w - 3*x + 562. What are the prime factors of w?
113
Suppose 87633 = -2*g + 15*g. Suppose 18*l - 2115 = g. List the prime factors of l.
2, 3, 41
Let k be 9/4 + (27/(-12))/9. Suppose -k*b - d + 130 = 2*b, -b = 5*d - 42. Let s = b + 86. What are the prime factors of s?
2, 59
Suppose -2*t + 138958 = 2*p, -p + 43*t - 52*t = -69447. List the prime factors of p.
3, 19, 23, 53
Let t(d) = 9*d**2 - 16*d**2 - d - 4 - 4*d. Let o be t(-1). What are the prime factors of (3 + 3)/(-1)*o?
2, 3
Let u(y) = -y - 222. Let n(q) = -q + 5. Let r(m) = 3*n(m) - u(m). List the prime factors of r(-19).
5, 11
Let y(b) = 18716*b + 327. Let i be y(32). What are the prime factors of (-2)/9 + i/1017?
19, 31
Suppose 0 = 2*y + 5*r - 25, -3*y - y + 5*r = -65. Let i = -21 + y. List the prime factors of (((-21)/i)/7)/(1/14).
7
Let i(c) = -30*c + 810. What are the prime factors of i(-19)?
2, 3, 5, 23
Let t = 168 - 80. Let f be 0*-2*1/(-4). Suppose -y - 6*k + 29 = -2*k, f = 2*y + 2*k - t. What are the prime factors of y?
7
Let w be ((-515)/25)/(4/(-20)). Suppose -1764 = 97*x - w*x. List the prime factors of x.
2, 3, 7
What are the prime factors of -7 + (18715 - (-4 + 0/2 - 0))?
2, 2339
Suppose -s + 157666 = 5*v, 5*v + 5*s - 146971 = 10719. List the prime factors of v.
2, 7883
Suppose 5*f = 5*y - 26715, -2*y - 4*f - 475 = -11191. List the prime factors of y.
2, 7, 191
Let h = 95 + -335. Let m = 143 + h. Let n = 49 - m. List the prime factors of n.
2, 73
Suppose 192*n + 221*n + 3561180 = 483*n. List the prime factors of n.
2, 3, 61, 139
Let y(w) = -w**2 + 4*w + 1. Let l be y(3). Suppose 6*u + 2*c - 806 = u, l*u = -5*c + 638. What are the prime factors of u?
2, 3
Suppose 0 = -9*l + 13352 + 31936. List the prime factors of l.
2, 17, 37
Let x(a) = -a**3 + 37*a**2 + 61*a - 4. What are the prime factors of x(37)?
3, 751
Suppose 71393 = 5*u + n, -2*u - 37*n + 39*n = -28562. List the prime factors of u.
109, 131
Let i(o) = o**3 - 7*o**2 + 89*o + 19. List the prime factors of i(20).
3, 2333
Let v = 58091 - 38643. List the prime factors of v.
2, 11, 13, 17
Suppose 1 = 5*p - 4. Let v be 12/(-4)*(p/(-1) - -2). What are the prime factors of 4/v + (-4044)/(-36)?
3, 37
Let o(x) = 11*x**2 - 42*x - 280. What are the prime factors of o(-12)?
2, 113
Suppose o - 318 = 2*v + 2*v, 3*v - 879 = -3*o. Suppose 0 = -3*h - o + 16. Let p = 168 + h. List the prime factors of p.
2, 37
Let g(q) = -2*q**2 - 10*q + 16. Let x be g(-6). Suppose 1075 = x*m - w, 8*m + 2*w - 1090 = 4*m. List the prime factors of m.
2, 3, 5
Let s = 7733 + -5438. Let v = s - 1188. What are the prime factors of v?
3, 41
Let n = 13172 + -9926. List the prime factors of n.
2, 3, 541
Suppose 453 = -v + 3*s, 2*v + 6*s + 936 = 2*s. List the prime factors of (-6117)/(-21) + (-11)/(v/(-12)).
3, 97
What are the prime factors of (-52)/(-39)*(5 + 1) - (4 - 25563)?
37, 691
Suppose 125*d - 2080944 = 12*d + 403813. List the prime factors of d.
11, 1999
Let z = 16547 - 2247. Suppose 73*o - 83*o = -z. List the prime factors of o.
2, 5, 11, 13
Suppose -3*g - 5202 = -r - 1408, r + g = 3790. Suppose 5*j = -3*m + 2297, 0 = 5*m - 0*j - j - r. List the prime factors of m.
3, 11, 23
Let k be (12/(-6) - 3) + 8*2. Suppose k*t = 3928 + 274. What are the prime factors of t?
2, 191
Let q(f) be the first derivative of 9*f**4/4 - f**2 - 3*f + 16. Let h be q(2). Suppose 0 = 5*y - h + 5. List the prime factors of y.
2, 3
Suppose -216 = 7*h - 4*h. Let c be h/(-15) + -3 + (-2)/(-10). Suppose 0 = -m + 2, -c*m = -3*l - m + 148. List the prime factors of l.
2, 5
Suppose 40*h - 2981400 = -33*h - 27*h. List the prime factors of h.
2, 3, 4969
Suppose -13*v + 207813 = 17*v - 27*v. What are the prime factors of v?
53, 1307
Suppose 6*q + 60 = -0*q. Let n be q*6/30*(-135)/6. Suppose n + 50 = d. List the prime factors of d.
5, 19
Let n(j) = -j**2 - j + 8. Let u be n(4). Let d be -34*(-28 - u/6). Suppose -2*t + 292 = c - 3*t, 0 = 3*c + 5*t - d. List the prime factors of c.
293
Suppose 4*n - 5*r = 183, 0 = -3*n - 2*r + 6*r + 138. Suppose -p + 4*q - 12 = 0, -3*q - 41 - n = 5*p. List the prime factors of (190/(-2))/(-5 - 72/p).
2, 5, 19
Let l = 6931 - 6003. What are the prime factors of l?
2, 29
Let o(d) = -51*d + 80. Let w be o(-18). Suppose 3*y - 5*y = -w. What are the prime factors of y?
499
Suppose g = 15 + 44. Suppose -10*t + g = -31. Suppose t*z = 621 + 486. What are the prime factors of z?
3, 41
Let d(o) = 29*o**2 - 49*o + 353. List the prime factors of d(14).
5351
Let j = -1310 - -1315. Let i(h) = h**2 + 20*h - 64. Let u(n) = -2*n**2 - 30*n + 96. Let y(t) = -7*i(t) - 5*u(t). List the prime factors of y(j).
3, 31
Let w(k) = -k**3 + 14*k**2 - 16*k + 5. Suppose -176 = -26*f + 10*f. List the prime factors of w(f).
2, 3
Let c(z) = 13*z**3 - 2*z + 20. Let j(r) = -170*r**3 + 25*r - 260. Let x(s) = 40*c(s) + 3*j(s). What are the prime factors of x(4)?
2, 5
Let t = 186 - 179. Suppose -3*v + 15 = 0, -t*v + 10*v + 72 = 3*l. What are the prime factors of l?
29
Let t = 43741 + -25350. What are the prime factors of t?
53, 347
Let u = 3886 - -15774. List the prime factors of u.
2, 5, 983
Let n = 1 + 0. Let f = -179 + 173. What are the prime factors of (n + f/8)*244?
61
Let v(n) = 43 + 17 - 296 + 8*n + 14*n. List the prime factors of v(39).
2, 311
Suppose 0 = 831*i - 865*i + 715258. What are the prime factors of i?
109, 193
Let l(r) = -84 - r**3 + 26*r - 3*r**2 + 18*r**2 + 3*r**2. What are the prime factors of l(19)?
7
Let x be (-14 + (-2 - -4))/(8/108). List the prime factors of 4701*(-12)/x + (-4)/18.
2, 3, 29
Suppose 0 = 3*h + 2*a - 7316, 17*h + 3*a - 7320 = 14*h. Suppose 3*l + 2*i = 3*i + h, -6 = 2*i. What are the prime factors of l?
811
Suppose -7*p - 36 = -15. List the prime f